highest common factor of z and 7.
7
Suppose 2*n - 4*n + 280 = 4*b, 3*n - 5*b - 442 = 0. Calculate the greatest common divisor of n and 16.
16
Let t be (-1 - 62/(-6))/(2/3). What is the greatest common divisor of 98 and t?
14
Suppose -5*t - 7 + 27 = 0, 5*g - 2*t + 8 = 0. Suppose -4*q + 102 - 26 = g. What is the greatest common factor of 209 and q?
19
Suppose -4*m - 8 = -4*r, 2*r + r + 2*m = -4. Suppose 0 = i - 5*t - 138, r = 2*t - 2. Calculate the highest common divisor of 13 and i.
13
Let y(o) = -o**3 + 12*o**2 + 13*o - 4. Let z be y(13). Let p = 56 + z. What is the highest common divisor of p and 78?
26
Let c be (-16)/(-6)*(5 + 1). Calculate the highest common factor of 48 and c.
16
Let f be (-1122)/(-143) - (-4)/26. Calculate the highest common factor of 8 and f.
8
Let w(b) = -b - 2. Let n be w(-14). Calculate the greatest common divisor of 6 and n.
6
Suppose 0 = -5*c - 4*h + 88, 21*c - 8 = 20*c - 4*h. What is the highest common divisor of 190 and c?
10
Let g be ((-78)/12)/(2/(-4)). Let s = g + -8. Calculate the greatest common factor of s and 5.
5
Let l = -124 + 128. Suppose 9*d - 5*d = 176. What is the highest common factor of l and d?
4
Let h be ((-4 - 58) + -1)*-1. Calculate the highest common divisor of h and 7.
7
Suppose j - 3*z = -12, -2 = 4*j - 4*z + 6. Suppose 0 = -j*u + 2*u + 8. Calculate the greatest common factor of u and 8.
8
Suppose 5*d = -52 + 302. Suppose 0*j + 5*j = d. Calculate the greatest common divisor of 5 and j.
5
Let c be 152/36 - 6/27. Calculate the greatest common divisor of c and 32.
4
Let u(l) = -5*l + 3. Let w be u(-5). Let z = w - -20. Calculate the highest common divisor of 16 and z.
16
Let t be 16*((-5)/(-15))/(2/6). What is the highest common factor of 256 and t?
16
Let q(a) = 2*a**2 - a. Let h be q(-1). Suppose -28 = y - 90. Suppose 326 = h*j + y. What is the greatest common divisor of j and 8?
8
Suppose 4*r - 7*r = -18. Let b be 2012/18 + (-2)/(-9). Suppose r*k - b = 2*k. Calculate the greatest common divisor of 42 and k.
14
Suppose 5*h + 6*p - 15 = p, 4*p = -2*h + 10. Let j = 1 - -2. What is the greatest common divisor of h and j?
1
Suppose -9 = 3*p - 75. Let x = -3 - -5. Let m(o) = 78*o - 2. Let s be m(x). Calculate the greatest common factor of p and s.
22
Let i be (-15)/60 + (-109)/(-4). Calculate the greatest common divisor of i and 18.
9
Suppose -6*y = -4*y - 10. Suppose -y*n + 34 = -216. Suppose -3*q - 5*u + 20 = 0, 2*q = -2*u - 3*u + 10. What is the highest common divisor of q and n?
10
Suppose 0 = -15*l + 10*l - 5. Let v be (l + 1/2)*-16. Calculate the greatest common divisor of 88 and v.
8
Let n be ((-2)/(-5))/((-5)/(-700)). Suppose -q + 35 = 4*q. Calculate the greatest common factor of q and n.
7
Suppose 0 = 2*l + 2*l + 60. Let k = l + 36. What is the highest common factor of 3 and k?
3
Suppose -3*d - 7 = -2*d + 4*q, -2*d + 5*q = -25. What is the greatest common factor of d and 5?
5
Let p be (-14)/(2 + -1*3). Suppose -3*j + 57 = -4*j. Let m = 183 + j. Calculate the highest common factor of m and p.
14
Let w = -1 + 1. Let a = w - -9. Suppose -z = -3 - a. What is the highest common divisor of z and 30?
6
Let w = 16 + 29. Calculate the greatest common divisor of w and 36.
9
Let w = 2 - -8. What is the highest common divisor of 55 and w?
5
Let q be 29/4 - 1/4. Calculate the highest common factor of 1 and q.
1
Let r = -13 + 9. Let t be 10/(-25) + r/(-10). Suppose -3*z - 2*z + 55 = t. What is the greatest common factor of z and 11?
11
Let h be -2 + 0/(2 + -3). Let b be 2/(-1 - h) - 1. Calculate the highest common divisor of 5 and b.
1
Suppose 0 = 4*w + 5*k - 41, w + 0 = -3*k + 5. Let o = 278 - 166. What is the highest common factor of o and w?
14
Let h(i) = -i**2 + 7*i - 3. Let r(z) = -4*z**3 + 2*z**2 + z. Let o be r(-1). Let g be h(o). What is the highest common factor of 7 and g?
7
Let t(x) = -x**2 + 5*x + 1. Let d(s) = -5*s - 1. Let y be d(-1). Let h be t(y). What is the greatest common factor of 20 and h?
5
Let z(t) = 6*t - 21. Let m be z(5). Calculate the highest common divisor of m and 2.
1
Let s(v) be the third derivative of -2*v**4/3 - v**3/3 + 3*v**2. Let w be s(4). Let f be (-11)/(w/21 - -3). Calculate the greatest common factor of f and 11.
11
Suppose -2*b + 153 = b. Suppose -d - 2*d + 9 = 0. Suppose 4*l - 142 = d*u - 5*u, l - 5*u - 19 = 0. Calculate the greatest common divisor of l and b.
17
Let r = 185 + -147. What is the greatest common factor of r and 171?
19
Let n be (-75)/2*(-8)/6. Suppose 20 = 5*d - 10*d, 4*k - 256 = d. Suppose 0 = 3*w + 3 - k. Calculate the highest common divisor of n and w.
10
Let j = 5 - 3. Suppose 2*h - r = -j*r + 58, 66 = 2*h + 3*r. Calculate the greatest common divisor of 9 and h.
9
Suppose 0 = 4*h - y - 80, 3*h - 14 - 59 = 4*y. Calculate the highest common factor of 57 and h.
19
Let d = 9 - 7. Suppose 4*v + 80 = 2*s, -d*s + 56 = v - 4. Let h be (-3 - -2)*(1 - 17). Calculate the greatest common factor of s and h.
16
Let t = -7 + 11. Let n be (0 - 3)/((-3)/t). What is the highest common factor of n and 4?
4
Let g = 139 + -43. What is the highest common divisor of g and 24?
24
Let y(g) = g**2 + 2*g - 3. Let s be y(-3). Suppose 0*r + 5*r = 4*q + 189, s = 5*q - 3*r + 220. Let h = -15 - q. What is the highest common divisor of h and 65?
13
Suppose -l - 1 = -u - 15, 5 = l. Let y be u/(21/(-20) + 1). Suppose 2*m + 2*m = y. Calculate the highest common divisor of m and 18.
9
Let h(j) = 6*j**2 + j - 1. Let y be h(-2). Suppose -y = 5*i - 111. What is the highest common factor of 45 and i?
9
Suppose 4*s = -17 + 153. Calculate the greatest common factor of s and 51.
17
Let i = 6 - 14. Let j be ((-2)/4)/(i/432). Suppose -j = -2*y + 5*x, -4*y + 2*x = -9*y - 5. What is the highest common factor of y and 5?
1
Suppose 0 = 14*u - 12*u - 80. What is the greatest common factor of 20 and u?
20
Let l = -20 + 35. What is the highest common divisor of l and 10?
5
Suppose 5*l - 161 + 11 = 0. Let z be 4/(-6) + (-137)/(-3). What is the highest common divisor of z and l?
15
Let v(f) = f**3 - 7*f**2 + 6*f + 2. Let i be v(6). Suppose -5*s + i*s + 72 = 0. Let t = 61 + -25. Calculate the greatest common factor of s and t.
12
Let n be (4/(-6))/((-2)/15). Suppose 16 = n*p - 3*o, -2*p + 4*p + 4*o = 22. Calculate the greatest common factor of 35 and p.
5
Let w(o) = 2*o + 48. Let v be w(-12). Calculate the greatest common divisor of v and 192.
24
Let i be (1/2)/((-7)/(-168)). Let k be (-1)/3 - 273/(-9). Calculate the highest common divisor of i and k.
6
Suppose -3*n + 40 = -n. Suppose -4*b + 5*b = n. Suppose 8*w - 50 = 3*w. Calculate the highest common divisor of w and b.
10
Suppose -u = -3*u - 3*n, n = -2*u. Suppose -2*c + 6 = -u. Suppose c*v - 4*l - 46 = 0, -2*v - 4*l = -4*v + 24. Calculate the greatest common divisor of 55 and v.
11
Suppose -3*p + p + 12 = 0. Let t be 130/4 - (-3)/p. Suppose 4*s + 0*s - 60 = -4*l, 0 = 2*l + 4*s - 38. What is the greatest common divisor of t and l?
11
Let v(y) = -1 + 2 + 1 + 2*y - 1 + y**2. Let a be v(2). What is the highest common divisor of a and 72?
9
Let p(f) = -4*f. Let q be p(-1). Suppose -9 = -2*w - 3*x, -5*w - 2*x + 13 = -q*x. Suppose -w*l = -7 - 5. Calculate the highest common factor of 36 and l.
4
Suppose -5*g + 39 = -2*g. Suppose -3*u + 2 = -5*u + 5*y, u - g = -y. What is the greatest common divisor of 1 and u?
1
Let i(k) = k**3 + 7*k**2 + 8*k + 6. Let l be i(-5). Let g = 29 - l. Let y be ((-11)/(-2) - -1)*2. What is the greatest common divisor of g and y?
13
Let a = -29 + 49. What is the greatest common divisor of a and 10?
10
Let v be (-6615)/(-25) - (-1)/10*4. What is the greatest common divisor of 106 and v?
53
Suppose 3*t = b + 10, -4*t = -0*b - b - 15. What is the highest common factor of b and 65?
5
Let t(y) = -12*y. Let f be t(-4). Suppose i = -5*v + 26, 4*i - 4 = 2*i + 2*v. What is the greatest common divisor of i and f?
6
Let p = 14 - 12. What is the greatest common divisor of p and 18?
2
Let c be (-3)/((-3)/(-4)*(-8)/14). What is the greatest common factor of c and 14?
7
Let p be (13 - (3 - 5)) + -3. Suppose o = -2*o + p. What is the greatest common divisor of 8 and o?
4
Let p = 103 + -95. What is the highest common factor of 8 and p?
8
Let h = -3 + 7. Suppose 5*u - 279 - 33 = h*n, -u - 5*n + 74 = 0. What is the highest common factor of